NOAA style reports

Note: Some NOAA reports are not available. For a complete summary of all available archival weather data please this page.

Year to date and all Time Records: Are available on the Live page. Look for the Records push button.

2014: Jan | Feb | Mar | Apr | May | Jun | Jul | Aug | Sep | Oct | Nov | Dec 
2013: Jan | Feb | Mar | Apr | May | Jun | Jul | Aug | Sep | Oct | Nov | Dec 
2012: Jan | Feb | Mar | Apr | May | Jun | Jul | Aug | Sep | Oct | Nov | Dec 
2011: Jan | Feb | Mar | Apr | May | Jun | Jul | Aug | Sep | Oct | Nov | Dec 
2010: Jan | Feb | Mar | Apr | May | Jun | Jul | Aug | Sep | Oct | Nov | Dec 
2009: Jan | Feb | Mar | Apr | May | Jun | Jul | Aug | Sep | Oct | Nov | Dec 
 2008: Jan | Feb | Mar | Apr | May | Jun | Jul | Aug | Sep | Oct | Nov | Dec 
2007: Jan | Feb | Mar | Apr | May | Jun | Jul | Aug | Sep | Oct | Nov | Dec 
 2006: Jan | Feb | Mar | Apr | May | Jun | Jul | Aug | Sep | Oct | Nov | Dec 

Report for 2012 11
MONTHLY CLIMATOLOGICAL SUMMARY for NOV. 2012 NAME: Truta's Estes Park Weather CITY: Estes Park STATE: CO ELEV: 7700 ft LAT: 39 36' 00" N LONG: 104 54' 00" W TEMPERATURE (F), RAIN (in), WIND SPEED (mph) HEAT COOL AVG MEAN DEG DEG WIND DOM DAY TEMP HIGH TIME LOW TIME DAYS DAYS RAIN SPEED HIGH TIME DIR ------------------------------------------------------------------------------------ 1 43.5 61.0 3:41p 0.2 6:24a 20.1 0.0 0.00 5.0 29.0 11:40a SW 2 38.8 58.0 2:41p 16.6 7:16p 24.1 0.0 0.00 2.5 27.0 1:55p WNW 3 39.3 57.2 4:12p 20.5 6:36a 24.1 0.0 0.00 4.3 26.0 1:03p W 4 47.1 54.5 3:17p 20.1 3:11a 16.2 0.0 0.00 8.1 31.0 4:55a WSW 5 46.2 56.6 12:48p 30.0 6:02a 17.5 0.0 0.00 8.3 31.0 4:36p WSW 6 50.5 62.0 3:40p 39.3 11:57p 13.9 0.0 0.00 7.0 28.0 10:59a WSW 7 50.4 63.2 2:42p 24.6 6:41p 13.7 0.0 0.00 6.0 27.0 8:13a WSW 8 45.4 60.5 1:47p 20.8 5:31p 18.6 0.0 0.00 5.1 29.0 5:47a WSW 9 44.6 60.2 3:47p 23.5 1:44a 19.2 0.0 0.00 6.9 32.0 10:48a WSW 10 32.4 46.4 12:06a 3.5 4:11p 31.0 0.0 0.00 6.8 33.0 2:18p WSW 11 18.3 26.4 1:57p 9.8 4:14a 43.7 0.0 0.00 9.6 43.0 9:35p WSW 12 28.9 41.2 2:20p 7.6 8:11p 34.6 0.0 0.00 13.3 41.0 7:21a WSW 13 35.6 42.8 1:47p 8.7 4:11a 27.8 0.0 0.00 8.4 32.0 6:29a WSW 14 40.3 50.2 2:14p 20.4 12:24p 23.6 0.0 0.00 8.3 35.0 9:45a WSW 15 31.4 41.3 1:19p 17.7 11:59p 30.3 0.0 0.00 2.4 14.0 1:21a N 16 38.2 55.3 3:11p 14.1 4:19a 25.5 0.0 0.00 5.6 29.0 3:39p WSW 17 42.2 51.1 2:52p 16.2 4:11a 21.4 0.0 0.00 8.3 36.0 6:07a WSW 18 41.2 50.2 2:27p 23.9 1:03a 22.8 0.0 0.00 7.7 37.0 10:35a WSW 19 42.3 50.7 1:51p 34.9 4:43a 21.3 0.0 0.00 7.2 26.0 6:18a SW 20 47.9 57.2 2:34p 40.2 1:19a 16.4 0.0 0.00 9.2 29.0 3:09p WSW 21 50.2 57.2 2:02p 44.2 5:41a 14.0 0.0 0.00 10.0 35.0 7:28p SW 22 43.2 52.2 3:37p 21.2 5:14p 20.9 0.0 0.00 8.9 37.0 4:56a WSW 23 36.0 52.3 3:49p 13.1 7:25a 27.3 0.0 0.00 7.4 31.0 10:06p WSW 24 47.6 55.1 3:15p 21.1 1:41a 16.7 0.0 0.00 11.1 36.0 10:33a WSW 25 43.3 53.9 2:54p 21.5 5:31p 20.3 0.0 0.00 8.6 31.0 3:26p WSW 26 28.3 39.6 11:58p 0.5 4:21p 34.8 0.0 0.00 4.8 31.0 11:48p NNE 27 42.6 53.8 2:40p 16.6 7:22p 21.0 0.0 0.00 9.0 40.0 10:52a SW 28 44.6 52.0 3:56p 22.3 2:33p 19.5 0.0 0.00 10.0 32.0 5:19a WSW 29 45.9 54.8 2:34p 23.8 4:11p 18.2 0.0 0.00 9.7 36.0 1:50a WSW 30 46.6 53.9 2:21p 38.0 7:47a 17.6 0.0 0.00 12.7 36.0 3:14p WSW ------------------------------------------------------------------------------------- 41.1 63.2 7 0.2 1 676.1 0.0 0.00 7.7 43.0 11 WSW Max >= 90.0: 0 Max <= 32.0: 1 Min <= 32.0: 25 Min <= 0.0: 0 Max Rain: 0.00 ON 11/01/12 Days of Rain: 0 (>.01 in) 0 (>.1 in) 0 (>1 in) Heat Base: 65.0 Cool Base: 65.0 Method: Integration

Station affiliations

Weather data published to:,
Weather Underground, Citizen Weather Observer Program, WeatherForYou, AnythingWeather.com

Member of: Weather-Matrix, Weather-Watch.com

Quote from the patron saint of the webmaster, St. Alphonsus Liguori :
"My Jesus, Thou alone art sufficient for me.  My love, do not permit me to separate myself from Thee.  When shall I be able to say, 'My God, I cannot lose thee any more?' "

 ©2007 EstesParkWeather.net and ExceptionalWeather.com. EstesParkWeather.net is part of the ExceptionalWeather Network
Radar/maps © Weather Underground. Used with permission.    Valid XHTML 1.0     Valid CSS
Never base important decisions on this or any weather information obtained from the Internet.